2 and 256.
32
What is the highest common factor of 104 and 56?
8
What is the greatest common divisor of 31000 and 25?
25
Calculate the greatest common divisor of 413 and 7.
7
What is the highest common divisor of 93 and 3007?
31
What is the greatest common divisor of 629 and 37?
37
What is the greatest common divisor of 5195 and 15?
5
Calculate the highest common factor of 56 and 28.
28
Calculate the highest common divisor of 2 and 18.
2
Calculate the greatest common factor of 22 and 266.
2
What is the greatest common divisor of 32 and 15248?
16
Calculate the greatest common factor of 46 and 621.
23
What is the greatest common factor of 2725 and 25?
25
Calculate the greatest common factor of 70 and 19750.
10
Calculate the greatest common factor of 28 and 1036.
28
What is the highest common factor of 2850 and 150?
150
Calculate the greatest common divisor of 105 and 336.
21
Calculate the highest common divisor of 336 and 14.
14
What is the highest common factor of 111 and 15?
3
What is the highest common factor of 1408 and 1364?
44
Calculate the greatest common factor of 281 and 73341.
281
What is the highest common factor of 664 and 14?
2
Calculate the highest common divisor of 949 and 4307.
73
What is the greatest common factor of 54 and 60?
6
What is the greatest common divisor of 8 and 128?
8
Calculate the greatest common divisor of 18015 and 30.
15
What is the greatest common divisor of 51 and 31875?
51
What is the highest common divisor of 30 and 48?
6
Calculate the greatest common factor of 95 and 38.
19
What is the greatest common factor of 238 and 14?
14
Calculate the greatest common divisor of 17 and 9741.
17
What is the highest common divisor of 1037 and 488?
61
Calculate the greatest common divisor of 30 and 1245.
15
What is the greatest common factor of 330 and 570?
30
Calculate the highest common factor of 26 and 26.
26
What is the highest common divisor of 44 and 15048?
44
Calculate the greatest common divisor of 172 and 602.
86
Calculate the greatest common factor of 90131 and 193.
193
Calculate the greatest common factor of 2556 and 36.
36
What is the highest common factor of 144 and 720?
144
Calculate the greatest common divisor of 9 and 3528.
9
What is the greatest common divisor of 121 and 99?
11
What is the greatest common divisor of 576 and 312?
24
What is the highest common factor of 200 and 3225?
25
What is the greatest common divisor of 1260 and 2604?
84
What is the greatest common factor of 468 and 24?
12
Calculate the greatest common divisor of 294 and 6.
6
Calculate the greatest common factor of 17 and 4.
1
What is the highest common factor of 16327 and 29?
29
What is the greatest common factor of 260 and 7?
1
Calculate the greatest common factor of 10 and 94.
2
What is the highest common factor of 95 and 66310?
95
What is the highest common factor of 110 and 20?
10
What is the highest common factor of 1184 and 370?
74
Calculate the highest common divisor of 41 and 41.
41
Calculate the greatest common divisor of 87 and 203.
29
What is the highest common factor of 32 and 24?
8
What is the greatest common factor of 40 and 2740?
20
What is the greatest common divisor of 274 and 3151?
137
Calculate the greatest common divisor of 58520 and 152.
152
Calculate the greatest common factor of 13 and 91.
13
Calculate the greatest common divisor of 414 and 1932.
138
What is the greatest common factor of 100 and 410?
10
What is the highest common factor of 196 and 882?
98
Calculate the greatest common divisor of 112 and 776.
8
Calculate the greatest common factor of 215 and 42355.
215
Calculate the greatest common divisor of 24 and 1720.
8
Calculate the greatest common factor of 26 and 17186.
26
What is the greatest common factor of 448 and 644?
28
What is the greatest common factor of 32 and 21152?
32
Calculate the highest common factor of 7854 and 126.
42
What is the highest common factor of 47261 and 849?
283
Calculate the greatest common divisor of 604 and 16.
4
Calculate the highest common factor of 429 and 231.
33
What is the greatest common divisor of 2260 and 10?
10
Calculate the highest common factor of 84 and 12.
12
Calculate the highest common divisor of 527 and 93.
31
What is the highest common divisor of 119 and 51?
17
What is the highest common factor of 5773 and 184?
23
What is the highest common factor of 24 and 1272?
24
Calculate the highest common divisor of 48 and 56.
8
What is the greatest common factor of 142 and 21?
1
What is the greatest common factor of 1417 and 26?
13
What is the highest common factor of 63 and 27909?
63
What is the greatest common divisor of 2553 and 9?
3
Calculate the greatest common factor of 124 and 217.
31
Calculate the greatest common divisor of 528 and 11264.
176
What is the greatest common divisor of 1230 and 30?
30
Calculate the greatest common factor of 84 and 616.
28
Calculate the greatest common divisor of 228 and 931.
19
Calculate the greatest common factor of 455 and 4914.
91
Calculate the greatest common divisor of 59 and 649.
59
Calculate the greatest common divisor of 9243 and 79.
79
What is the greatest common divisor of 6 and 1228?
2
Calculate the highest common factor of 75 and 135.
15
What is the greatest common divisor of 4784 and 6877?
299
Calculate the highest common divisor of 14 and 3206.
14
What is the greatest common factor of 186 and 6?
6
What is the greatest common factor of 94 and 16309?
47
What is the greatest common divisor of 77 and 11?
11
What is the highest common factor of 4 and 66?
2
Calculate the highest common factor of 32 and 6016.
32
Calculate the greatest common divisor of 39 and 2730.
39
What is the highest common divisor of 15 and 5?
5
What is the greatest common factor of 20 and 160?
20
Calculate the highest common divisor of 12 and 15.
3
What is the greatest common factor of 228 and 19?
19
What is the greatest common divisor of 1143 and 18?
9
What is the greatest common divisor of 4860 and 135?
135
What is the greatest common factor of 872 and 40?
8
Calculate the highest common factor of 143 and 77.
11
What is the highest common divisor of 18 and 2934?
18
Calculate the highest common factor of 3696 and 693.
231
Calculate the highest common divisor of 24 and 414.
6
What is the highest common divisor of 182 and 260?
26
Calculate the highest common factor of 4 and 1796.
4
Calculate the greatest common factor of 629 and 119.
17
Calculate the highest common divisor of 266 and 14.
14
Calculate the highest common factor of 1161 and 189.
27
What is the greatest common divisor of 5 and 2395?
5
Calculate the highest common factor of 64 and 1472.
64
Calculate the highest common factor of 943 and 184.
23
What is the highest common divisor of 832 and 608?
32
What is the greatest common factor of 55 and 11?
11
What is the greatest common factor of 1260 and 560?
140
Calculate the greatest common factor of 38 and 4.
2
What is the greatest common divisor of 22597 and 59?
59
What is the greatest common divisor of 913 and 33?
11
Calculate the highest common factor of 1798 and 558.
62
What is the greatest common divisor of 3874 and 65?
13
Calculate the highest common factor of 35 and 560.
35
Calculate the highest common factor of 18 and 3420.
18
What is the greatest common factor of 35 and 63?
7
Calculate the highest common factor of 74 and 592.
74
What is the highest common divisor of 10021 and 44?
11
What is the greatest common divisor of 330 and 2400?
30
Calculate the greatest common factor of 4224 and 660.
132
What is the highest common divisor of 3536 and 312?
104
Calculate the greatest common divisor of 112 and 272.
16
Calculate the highest common factor of 13 and 1807.
13
Calculate the greatest common divisor of 80 and 260.
20
What is the greatest common factor of 238 and 42?
14
What is the greatest common divisor of 14 and 2247?
7
What is the greatest common divisor of 845 and 1885?
65
What is the greatest common divisor of 18 and 99?
9
What is the highest common divisor of 95 and 1900?
95
What is the greatest common factor of 9 and 4608?
9
What is the greatest common divisor of 8740 and 575?
115
What is the greatest common factor of 22 and 121?
11
What is the highest common factor of 18 and 66?
6
Calculate the greatest common factor of 26514 and 18